{"id":138,"date":"2017-06-14T20:38:06","date_gmt":"2017-06-14T20:38:06","guid":{"rendered":"http:\/\/ecoimpacto.com.co\/?page_id=138"},"modified":"2017-07-04T16:13:39","modified_gmt":"2017-07-04T16:13:39","slug":"refrigeracion-nuestra-nueva-linea-de-investigacion-2","status":"publish","type":"page","link":"http:\/\/ecoimpacto.com.co\/?page_id=138","title":{"rendered":"Tecnolog\u00eda en Refrigeraci\u00f3n"},"content":{"rendered":"<p style=\"text-align: justify;\"><img loading=\"lazy\" decoding=\"async\" class=\" wp-image-119 alignright\" src=\"http:\/\/ecoimpacto.com.co\/wp-content\/uploads\/2017\/06\/6-234x300.png\" alt=\"\" width=\"268\" height=\"324\" \/><span style=\"font-size: 14pt;\">Es el resultado de m\u00e1s de 30 a\u00f1os de experiencia en la historia de la refrigeraci\u00f3n comercial, desarrollando, compartiendo experiencias y fabricando enfriadores y congeladores comerciales para los embotelladores de bebidas gaseosas, cervezas y productores de helados en Colombia, Latino\u00a0Am\u00e9rica y un amplio conocimiento adquirido a nivel mundial.<\/span><\/p>\n<p style=\"text-align: justify;\"><span style=\"font-size: 14pt;\">Somos pioneros en Colombia y Latino Am\u00e9rica en la creaci\u00f3n de un centro de investigaci\u00f3n y desarrollo independiente con enfoque hacia la refrigeraci\u00f3n comercial. Trabajamos para mejorar los equipos actuales y sus partes innovando de manera parcial sobre la tecnolog\u00eda existente y mantenemos una constante investigaci\u00f3n y b\u00fasqueda tecnol\u00f3gica en el mundo entero que nos permite generar desarrollos, obteniendo como resultado saltos tecnol\u00f3gicos en el estado del arte.<\/span><\/p>\n","protected":false},"excerpt":{"rendered":"<p>Es el resultado de m\u00e1s de 30 a\u00f1os de experiencia en la historia de la refrigeraci\u00f3n comercial, desarrollando, compartiendo experiencias y fabricando enfriadores y congeladores comerciales para los embotelladores de bebidas gaseosas, cervezas y productores de helados en Colombia, Latino\u00a0Am\u00e9rica y un amplio conocimiento adquirido a nivel mundial. Somos pioneros en Colombia y Latino Am\u00e9rica en la creaci\u00f3n de un centro de investigaci\u00f3n y desarrollo independiente&hellip;<\/p>\n","protected":false},"author":1,"featured_media":348,"parent":0,"menu_order":0,"comment_status":"closed","ping_status":"closed","template":"","meta":{"footnotes":""},"_links":{"self":[{"href":"http:\/\/ecoimpacto.com.co\/index.php?rest_route=\/wp\/v2\/pages\/138"}],"collection":[{"href":"http:\/\/ecoimpacto.com.co\/index.php?rest_route=\/wp\/v2\/pages"}],"about":[{"href":"http:\/\/ecoimpacto.com.co\/index.php?rest_route=\/wp\/v2\/types\/page"}],"author":[{"embeddable":true,"href":"http:\/\/ecoimpacto.com.co\/index.php?rest_route=\/wp\/v2\/users\/1"}],"replies":[{"embeddable":true,"href":"http:\/\/ecoimpacto.com.co\/index.php?rest_route=%2Fwp%2Fv2%2Fcomments&post=138"}],"version-history":[{"count":16,"href":"http:\/\/ecoimpacto.com.co\/index.php?rest_route=\/wp\/v2\/pages\/138\/revisions"}],"predecessor-version":[{"id":449,"href":"http:\/\/ecoimpacto.com.co\/index.php?rest_route=\/wp\/v2\/pages\/138\/revisions\/449"}],"wp:featuredmedia":[{"embeddable":true,"href":"http:\/\/ecoimpacto.com.co\/index.php?rest_route=\/wp\/v2\/media\/348"}],"wp:attachment":[{"href":"http:\/\/ecoimpacto.com.co\/index.php?rest_route=%2Fwp%2Fv2%2Fmedia&parent=138"}],"curies":[{"name":"wp","href":"https:\/\/api.w.org\/{rel}","templated":true}]}}